t is 0 - -2e72c?
2e72c
In base 7, what is -21 + -113204?
-113225
In base 16, what is -1 + -16440?
-16441
In base 6, what is 114015 + -5?
114010
In base 14, what is -b - -28da?
28cd
In base 11, what is 230 + 51?
281
In base 4, what is 2112 - 33221?
-31103
In base 16, what is 1b + -16f?
-154
In base 16, what is dde1 + -2e?
ddb3
In base 13, what is 2 + 2b88?
2b8a
In base 15, what is -5 - 1cb63?
-1cb68
In base 13, what is -127 - 288?
-3b2
In base 15, what is -174 - 320?
-494
In base 16, what is -3976 + -4?
-397a
In base 16, what is 1bb + 32c?
4e7
In base 16, what is 5 + -306a?
-3065
In base 14, what is -1c7 - 120?
-307
In base 5, what is -30 + 202424?
202344
In base 5, what is 22 - -22033?
22110
In base 13, what is -11c234 + 1?
-11c233
In base 8, what is -236450 - -10?
-236440
In base 6, what is 15321025 - 4?
15321021
In base 3, what is -221202 + -10002?
-1001211
In base 4, what is 13331 + -3101?
10230
In base 9, what is -372 + 20?
-352
In base 2, what is 11000011011 + -111011?
10111100000
In base 11, what is 1889 - 3?
1886
In base 12, what is 0 - -1a67?
1a67
In base 14, what is 0 - -15169?
15169
In base 8, what is 44 + 26?
72
In base 3, what is 1022012 - -101?
1022120
In base 16, what is -a4 + 18b?
e7
In base 16, what is 4599 - -7?
45a0
In base 4, what is 23 + -203133?
-203110
In base 16, what is -1 + 2ec96?
2ec95
In base 6, what is -11 - -1411121?
1411110
In base 2, what is -100101 - 111100000011?
-111100101000
In base 6, what is -232140 + -15?
-232155
In base 13, what is -51 + -98?
-119
In base 16, what is -6f802 - -4?
-6f7fe
In base 2, what is -11011001001101100 + 11?
-11011001001101001
In base 10, what is -66202 + -34?
-66236
In base 15, what is 2 - -1975?
1977
In base 14, what is -36b + 124a?
cbd
In base 11, what is -1323 + 9?
-1315
In base 14, what is 2a070 - -3?
2a073
In base 10, what is -6236 + 29?
-6207
In base 12, what is -2b - -12a1?
1272
In base 8, what is -1 + -1554?
-1555
In base 7, what is 15663 + -6?
15654
In base 7, what is -5 - -153456?
153451
In base 11, what is -2 - -83a9?
83a7
In base 15, what is -d + -149d?
-14ab
In base 6, what is 544510 - -2?
544512
In base 7, what is -4611 + -43?
-4654
In base 11, what is 4 + -29391?
-29388
In base 8, what is 1130 + 31?
1161
In base 2, what is 1101110001 + -111?
1101101010
In base 3, what is -122000101 - -12212?
-121210112
In base 3, what is 22200222221 + -1?
22200222220
In base 5, what is -1 + 103140414?
103140413
In base 6, what is -251 - 1424?
-2115
In base 13, what is 1 - 1862?
-1861
In base 15, what is 18 + -1601?
-15d8
In base 12, what is 4 + 3a793?
3a797
In base 12, what is 2192 - 1?
2191
In base 13, what is 5 + -1a70?
-1a68
In base 4, what is -101 - -203132?
203031
In base 9, what is -56468 - 2?
-56471
In base 13, what is -1c299 - -b?
-1c28b
In base 8, what is 33 - 22262?
-22227
In base 13, what is -a934 - -4?
-a930
In base 9, what is -1042747 + -3?
-1042751
In base 7, what is 160146 + 104?
160253
In base 14, what is -91d6 + 2c?
-91a8
In base 13, what is -1b0 + 155?
-58
In base 12, what is -1531 + -222?
-1753
In base 16, what is -1ea - -32c?
142
In base 3, what is -1211102101202 + 0?
-1211102101202
In base 9, what is 3 - 42851?
-42847
In base 11, what is -54a8 - -3?
-54a5
In base 12, what is 1 - 4738?
-4737
In base 12, what is 9823 - -5?
9828
In base 5, what is -44312 + 24?
-44233
In base 5, what is -3 + 3112203?
3112200
In base 14, what is a + 6b5?
6c1
In base 10, what is 4475 + -7?
4468
In base 12, what is 5 - -12347a?
123483
In base 15, what is -31b6 - d?
-31c4
In base 4, what is 1 - -1011233?
1011300
In base 12, what is 149 + 124?
271
In base 7, what is 26 + 153021?
153050
In base 9, what is -64400 + -33?
-64433
In base 3, what is 1121110211 - -2?
1121110220
In base 10, what is 79004 - -15?
79019
In base 4, what is 10 + 1322201?
1322211
In base 13, what is -200 - -b89?
989
In base 16, what is -3de0 - 8?
-3de8
In base 13, what is -3 + 9205?
9202
In base 14, what is -c2 + -c382?
-c464
In base 7, what is -4323 + 10?
-4313
In base 12, what is -18 + -44a?
-466
In base 14, what is -2 - -932?
930
In base 10, what is 9047 + -4?
9043
In base 8, what is 751654 - 5?
751647
In base 6, what is 125 + 11014?
11143
In base 4, what is -3011 + 2111?
-300
In base 12, what is 360 - 30?
330
In base 12, what is 20 - 2552?
-2532
In base 16, what is 9 - -101da?
101e3
In base 14, what is 54c - 7?
545
In base 9, what is 1578 + -30?
1548
In base 9, what is -620467 + -3?
-620471
In base 2, what is 110110101110 + -111011000?
101111010110
In base 9, what is 2634 + 0?
2634
In base 15, what is -3 - -e487?
e484
In base 13, what is 1232 + -30c?
c23
In base 7, what is 505421 + -2?
505416
In base 12, what is -39 + -346?
-383
In base 4, what is -2302 + -2122300?
-2131202
In base 13, what is -35b + 304?
-57
In base 16, what is -3c - -2dce?
2d92
In base 5, what is 4004442 + -100?
4004342
In base 10, what is -3 - -39057?
39054
In base 15, what is -4 - -2d2?
2cd
In base 7, what is -24 + 3033?
3006
In base 13, what is 4869 - 4?
4865
In base 5, what is 2 + 30110432?
30110434
In base 6, what is -45233 - -15?
-45214
In base 15, what is -41296 - -2?
-41294
In base 12, what is 15 - -6a50?
6a65
In base 12, what is -38062 - 4?
-38066
In base 10, what is -149 + 10087?
9938
In base 6, what is -4 + -5050425?
-5050433
In base 9, what is 4 - -17543?
17547
In base 16, what is -801 - -12b?
-6d6
In base 13, what is -8373 - 14?
-8387
In base 9, what is 0 - -7554?
7554
In base 5, what is -10412421 + 2?
-10412414
In base 2, what is 1000101111 - 100001101?
100100010
In base 4, what is -2 - 10233213?
-10233221
In base 14, what is 81 - 842?
-7a1
In base 9, what is 4654 - -12?
4666
In base 16, what is -3 - 1e21a?
-1e21d
In base 8, what is 3 + 4037150?
4037153
In base 6, what is -2055 - -1425?
-230
In base 9, what is -2 + -561864?
-561866
In base 2, what is 101011 + 1111110101?
10000100000
In base 9, what is -32570 + -4?
-32574
In base 7, what is 1 + 2004666?
2005000
In base 9, what is 172233 - 2?
172231
In base 10, what is 5 - -3660?
3665
In base 7, what is 10 - 20350?
-20340
In base 6, what is 5 + 14035430?
14035435
In base 16, what is -3dba38 - 3?
-3dba3b
In base 15, what is -16384b6 - 0?
-16384b6
In base 15, what is -25e + -10bc?
-132b
In base 2, what is -10011010 + 10001100?
-1110
In base 7, what is -60116 + -1?
-60120
In base 12, what is -20 + 3930?
3910
In base 5, what is -2223301 + 0?
-2223301
In base 6, what is 132 + -12022?
-11450
In base 4, what is 230103220300 - 11?
230103220223
In base 8, what is 26346 + 2?
26350
In base 2, what is -10 + -10010101101010?
-10010101101100
In base 2, what is 1 - 1101111?
-1101110
In base 10, what is 31 - -261?
292
In base 16, what is -31d8 + -3c?
-3214
In base 10, what is 8 + -123?
-115
In base 2, what is -110111001 - 100101001?
-1011100010
In base 4, what is -3002122 - -1?
-3002121
In base 3, what is -10010102 + 22?
-10010010
In base 16, what is 7 + -4d58?
-4d51
In base 3, what is -2101122120120 + -2?
-2101122120122
In base 2, what is -101 - -100011101011011?
100011101010110
In base 5, what is 0 + -402341?
-402341
In base 4, what is -101102330 - 211?
-101103201
In base 16, what is 20802 + 0?
20802
In base 10, what is -2910 - -2440?
-470
In base 9, what is -128341 + 3?
-128337
In base 16, what is -3c9 - -7b?
-34e
In base 12, what is 30 + 15138?
15168
In base 13, what is -5a3c + 17?
-5a25
In base 15, what is 32b9 + 5?
32be
In base 10, what is 771 - 36?
735
In base 14, what is -95d5 + 1?
-95d4
In base 5, what is 10041 + -314?
4222
In base 14, what is 17c90 + 5?
17c95
In base 13, what is 43724 + -5?
4371c
In base 16, what is 836 + e?
844
In base 6, what is 3 - -213310?
213313
In base 6, what is -10132 - -154?
-5534
In base 16, what is -3568 + 2d?
-353b
In base 11, what is 9250 - -7?
9257
In base 11, what is 29 + -1780?
-1752
In base 9, what is 11114 - 15?
11088
In base 11, what is 4 - 6a48?
-6a44
In base 15, what is -3 - 18cb1a?
-18cb1d
In base 4, what is 3 + 11012220?
11012223
In base 7, what is -154022 - 4?
-154026
In base 12, what is -b37 - 2b1?
-1228
In base 8, what is -1005 - 1265?
-2272
In base 4, what is 2222 + 1203102?
1211330
In base 8, what is -77725 + -6?
-77733
In base 4, what is -3000002 + 1?
-3000001
In base 5, what is 3 + 442132?
442140
In base 15, what is 1aa + 27?
1d2
In base 8,